{"id":2,"date":"2023-01-16T04:18:50","date_gmt":"2023-01-16T04:18:50","guid":{"rendered":"https:\/\/facturalibre.org\/cuentas\/?page_id=2"},"modified":"2023-01-17T02:08:07","modified_gmt":"2023-01-17T02:08:07","slug":"tutoriales","status":"publish","type":"page","link":"https:\/\/facturalibre.org\/panel\/tutoriales\/","title":{"rendered":"Tutoriales"},"content":{"rendered":"<div class=\"mkb-root mkb-clearfix\"><div class=\"kb-header\" style=\"background-color: #0a0a0a;padding-top: 3em;padding-bottom: 3em;\">\t\t\t\n\t\t\t\n\t\t\t<div class=\"kb-search\">\n\n\t\t\t\t\n\t\t\t\t\t\t\t\t<div class=\"kb-search__title\" style=\"font-size: 3em;color: #ffffff;\">\n\t\t\t\t\t\u00bfNecesitas ayuda?\t\t\t\t<\/div>\n\t\t\t\t\t\t\t\t<form class=\"kb-search__form\" action=\"https:\/\/facturalibre.org\/panel\" method=\"get\" autocomplete=\"off\" novalidate>\n\n\t\t\t\t\t\n\t\t\t\t\t<div class=\"kb-search__input-wrap mkb-search-theme__clean\"\n\t\t\t\t\t     style=\"border-color: #ffffff;background-color: #ffffff;width: 38em;\">\n\t\t\t\t\t\t<input type=\"hidden\" name=\"source\" value=\"kb\" \/>\n\t\t\t\t\t\t\t\t\t\t\t\t\t\t\t\t\t\t\t\t\t\t\t\t<input class=\"kb-search__input\"\n\t\t\t\t\t\t       name=\"s\"\n\t\t\t\t\t\t       placeholder=\"ex.: Installation\"\n\t\t\t\t\t\t       type=\"text\"\n\t\t\t\t\t\t       data-show-results-topic=\"1\"\n\t\t\t\t\t\t       data-topic-label=\"Topic\"\n\t\t\t\t\t\t       data-custom-topic-colors=\"\"\n\t\t\t\t\t\t       data-autofocus=\"1\"\n\t\t\t\t\t\t\t\/>\n\t\t\t\t\t\t<span class=\"kb-search__results-summary\">\n\t\t\t\t\t\t\t<i class=\"kb-search-request-indicator fa fa-circle-o-notch fa-spin fa-fw\"><\/i>\n\t\t\t\t\t\t\t<span class=\"kb-summary-text-holder\"><\/span>\n\t\t\t\t\t\t<\/span>\n\t\t\t\t\t\t\t\t\t\t\t\t\t<span class=\"kb-search__icon-holder\">\n\t\t\t\t\t\t\t\t<i class=\"kb-search__icon fa fa-search\"><\/i>\n\t\t\t\t\t\t\t<\/span>\n\t\t\t\t\t\t\t\t\t\t\t\t<a href=\"#\" class=\"kb-search__clear\" title=\"Clear search\">\n\t\t\t\t\t\t\t<i class=\"kb-search__clear-icon fa fa-times-circle\"><\/i>\n\t\t\t\t\t\t<\/a>\n\n\t\t\t\t\t\t<div class=\"kb-search__results kb-search__results--with-topics\"><\/div>\n\t\t\t\t\t<\/div>\n\n\t\t\t\t\t\n\t\t\t\t\t\n\t\t\t\t\t\t<div class=\"kb-search__tip\" style=\"color: #cccccc\">\n\t\t\t\t\t\t\tTip: Use arrows to navigate results, ESC to focus search input\t\t\t\t\t\t<\/div>\n\n\t\t\t\t\t\t\n\t\t\t\t\t\t\t\t\t<\/form>\n\n\t\t\t\t\n\t\t\t<\/div>\n\n\t\t\n\t\t<\/div>\n\t\t<div class=\"mkb-home-topics mkb-columns mkb-columns-3 mkb-uuid-69e03f2f070e1 mkb-container\"><style><\/style><div class=\"mkb-row\">\t\t<div class=\"kb-topic topic-id-51 kb-topic--box-view\">\n\t\t\t\t\t\t\t<a href=\"https:\/\/facturalibre.org\/panel\/conocimiento\/configuracion-inicial\/\">\n\t\t\t\t\t\t\t<div class=\"kb-topic__inner\">\n\t\t\t\t\t<div class=\"kb-topic__box-header\" style=\"color: #000000;\">\n\t\t\t\t\t\t\t\t\t\t\t\t<div class=\"kb-topic__icon-holder\" style=\"padding-top: 0em;padding-bottom: 0em;\">\n\t\t\t\t\t\t\t\t\t\t\t\t\t\t    <i class=\"kb-topic__box-icon fa fa-list-alt\"><\/i>\n\t\t\t\t\t\t\t\t\t\t\t\t\t<\/div>\n\t\t\t\t\t\t\t\t\t\t\t\t<h3 class=\"kb-topic__title\" style=\"color: #000000;\">\n\t\t\t\t\t\t\tConfiguraci\u00f3n Inicial\t\t\t\t\t\t<\/h3>\n\t\t\t\t\t<\/div>\n\n\t\t\t\t\t<div class=\"kb-topic__articles\">\n\t\t\t\t\t\t\t\t\t\t\t\t\t\t\t\t\t\t\t<div class=\"kb-topic__box-count\">\n\t\t\t\t\t\t\t\t8 art\u00edculos\t\t\t\t\t\t\t<\/div>\n\t\t\t\t\t\t\t\t\t\t\t\t\t\t\t\t\t\t\t<div class=\"kb-topic__show-all\">\n\t\t\t\t\t\t\t\tMostrar todo\t\t\t\t\t\t\t<\/div>\n\t\t\t\t\t\t\t\t\t\t\t<\/div>\n\t\t\t\t<\/div>\n\t\t\t\t\t\t\t<\/a>\n\t\t\t\t\t<\/div>\n\t\t\t<div class=\"kb-topic topic-id-52 kb-topic--box-view\">\n\t\t\t\t\t\t\t<a href=\"https:\/\/facturalibre.org\/panel\/conocimiento\/facturacion-electronica\/\">\n\t\t\t\t\t\t\t<div class=\"kb-topic__inner\">\n\t\t\t\t\t<div class=\"kb-topic__box-header\" style=\"color: #000000;\">\n\t\t\t\t\t\t\t\t\t\t\t\t<div class=\"kb-topic__icon-holder\" style=\"padding-top: 0em;padding-bottom: 0em;\">\n\t\t\t\t\t\t\t\t\t\t\t\t\t\t    <i class=\"kb-topic__box-icon fa fa-list-alt\"><\/i>\n\t\t\t\t\t\t\t\t\t\t\t\t\t<\/div>\n\t\t\t\t\t\t\t\t\t\t\t\t<h3 class=\"kb-topic__title\" style=\"color: #000000;\">\n\t\t\t\t\t\t\tFacturaci\u00f3n Electr\u00f3nica\t\t\t\t\t\t<\/h3>\n\t\t\t\t\t<\/div>\n\n\t\t\t\t\t<div class=\"kb-topic__articles\">\n\t\t\t\t\t\t\t\t\t\t\t\t\t\t\t\t\t\t\t<div class=\"kb-topic__box-count\">\n\t\t\t\t\t\t\t\t6 art\u00edculos\t\t\t\t\t\t\t<\/div>\n\t\t\t\t\t\t\t\t\t\t\t\t\t\t\t\t\t\t\t<div class=\"kb-topic__show-all\">\n\t\t\t\t\t\t\t\tMostrar todo\t\t\t\t\t\t\t<\/div>\n\t\t\t\t\t\t\t\t\t\t\t<\/div>\n\t\t\t\t<\/div>\n\t\t\t\t\t\t\t<\/a>\n\t\t\t\t\t<\/div>\n\t\t\t<div class=\"kb-topic topic-id-66 kb-topic--box-view\">\n\t\t\t\t\t\t\t<a href=\"https:\/\/facturalibre.org\/panel\/conocimiento\/woocommerce\/\">\n\t\t\t\t\t\t\t<div class=\"kb-topic__inner\">\n\t\t\t\t\t<div class=\"kb-topic__box-header\" style=\"color: #000000;\">\n\t\t\t\t\t\t\t\t\t\t\t\t<div class=\"kb-topic__icon-holder\" style=\"padding-top: 0em;padding-bottom: 0em;\">\n\t\t\t\t\t\t\t\t\t\t\t\t\t\t    <i class=\"kb-topic__box-icon fa fa-list-alt\"><\/i>\n\t\t\t\t\t\t\t\t\t\t\t\t\t<\/div>\n\t\t\t\t\t\t\t\t\t\t\t\t<h3 class=\"kb-topic__title\" style=\"color: #000000;\">\n\t\t\t\t\t\t\tWooCommerce\t\t\t\t\t\t<\/h3>\n\t\t\t\t\t<\/div>\n\n\t\t\t\t\t<div class=\"kb-topic__articles\">\n\t\t\t\t\t\t\t\t\t\t\t\t\t\t\t\t\t\t\t<div class=\"kb-topic__box-count\">\n\t\t\t\t\t\t\t\t3 art\u00edculos\t\t\t\t\t\t\t<\/div>\n\t\t\t\t\t\t\t\t\t\t\t\t\t\t\t\t\t\t\t<div class=\"kb-topic__show-all\">\n\t\t\t\t\t\t\t\tMostrar todo\t\t\t\t\t\t\t<\/div>\n\t\t\t\t\t\t\t\t\t\t\t<\/div>\n\t\t\t\t<\/div>\n\t\t\t\t\t\t\t<\/a>\n\t\t\t\t\t<\/div>\n\t<\/div >\t\t<\/div>\n\t\t<\/div>","protected":false},"excerpt":{"rendered":"<p>\u00bfNecesitas ayuda? Tip: Use arrows to navigate results, ESC to focus search input Configuraci\u00f3n Inicial 8 art\u00edculos Mostrar todo Facturaci\u00f3n Electr\u00f3nica 6 art\u00edculos Mostrar todo WooCommerce 3 art\u00edculos Mostrar todo<\/p>\n","protected":false},"author":2,"featured_media":0,"parent":0,"menu_order":0,"comment_status":"closed","ping_status":"open","template":"","meta":{"site-sidebar-layout":"default","site-content-layout":"","ast-site-content-layout":"","site-content-style":"default","site-sidebar-style":"default","ast-global-header-display":"","ast-banner-title-visibility":"","ast-main-header-display":"","ast-hfb-above-header-display":"","ast-hfb-below-header-display":"","ast-hfb-mobile-header-display":"","site-post-title":"disabled","ast-breadcrumbs-content":"","ast-featured-img":"","footer-sml-layout":"","theme-transparent-header-meta":"","adv-header-id-meta":"","stick-header-meta":"","header-above-stick-meta":"","header-main-stick-meta":"","header-below-stick-meta":"","astra-migrate-meta-layouts":"default","ast-page-background-enabled":"default","ast-page-background-meta":{"desktop":{"background-color":"var(--ast-global-color-4)","background-image":"","background-repeat":"repeat","background-position":"center center","background-size":"auto","background-attachment":"scroll","background-type":"","background-media":"","overlay-type":"","overlay-color":"","overlay-opacity":"","overlay-gradient":""},"tablet":{"background-color":"","background-image":"","background-repeat":"repeat","background-position":"center center","background-size":"auto","background-attachment":"scroll","background-type":"","background-media":"","overlay-type":"","overlay-color":"","overlay-opacity":"","overlay-gradient":""},"mobile":{"background-color":"","background-image":"","background-repeat":"repeat","background-position":"center center","background-size":"auto","background-attachment":"scroll","background-type":"","background-media":"","overlay-type":"","overlay-color":"","overlay-opacity":"","overlay-gradient":""}},"ast-content-background-meta":{"desktop":{"background-color":"var(--ast-global-color-5)","background-image":"","background-repeat":"repeat","background-position":"center center","background-size":"auto","background-attachment":"scroll","background-type":"","background-media":"","overlay-type":"","overlay-color":"","overlay-opacity":"","overlay-gradient":""},"tablet":{"background-color":"var(--ast-global-color-5)","background-image":"","background-repeat":"repeat","background-position":"center center","background-size":"auto","background-attachment":"scroll","background-type":"","background-media":"","overlay-type":"","overlay-color":"","overlay-opacity":"","overlay-gradient":""},"mobile":{"background-color":"var(--ast-global-color-5)","background-image":"","background-repeat":"repeat","background-position":"center center","background-size":"auto","background-attachment":"scroll","background-type":"","background-media":"","overlay-type":"","overlay-color":"","overlay-opacity":"","overlay-gradient":""}},"footnotes":""},"class_list":["post-2","page","type-page","status-publish","hentry"],"_links":{"self":[{"href":"https:\/\/facturalibre.org\/panel\/wp-json\/wp\/v2\/pages\/2","targetHints":{"allow":["GET"]}}],"collection":[{"href":"https:\/\/facturalibre.org\/panel\/wp-json\/wp\/v2\/pages"}],"about":[{"href":"https:\/\/facturalibre.org\/panel\/wp-json\/wp\/v2\/types\/page"}],"author":[{"embeddable":true,"href":"https:\/\/facturalibre.org\/panel\/wp-json\/wp\/v2\/users\/2"}],"replies":[{"embeddable":true,"href":"https:\/\/facturalibre.org\/panel\/wp-json\/wp\/v2\/comments?post=2"}],"version-history":[{"count":0,"href":"https:\/\/facturalibre.org\/panel\/wp-json\/wp\/v2\/pages\/2\/revisions"}],"wp:attachment":[{"href":"https:\/\/facturalibre.org\/panel\/wp-json\/wp\/v2\/media?parent=2"}],"curies":[{"name":"wp","href":"https:\/\/api.w.org\/{rel}","templated":true}]}}